a
In base 8, what is -13 - 212?
-225
In base 8, what is -5 + -45?
-52
In base 15, what is -31 + 4?
-2c
In base 6, what is 11 + -531?
-520
In base 8, what is 14751 - 0?
14751
In base 7, what is -246 + 142?
-104
In base 8, what is -411 - 0?
-411
In base 13, what is -29 - 4?
-30
In base 15, what is -5 - -2a3?
29d
In base 16, what is 17 - 6d?
-56
In base 13, what is 1b - c9?
-ab
In base 14, what is cb - 1?
ca
In base 13, what is 3 + a50?
a53
In base 8, what is -1 - 422?
-423
In base 5, what is -4 - 441?
-1000
In base 2, what is -100100 + -10000000?
-10100100
In base 16, what is 28 - -6?
2e
In base 7, what is 164 + 0?
164
In base 9, what is 0 - 1235?
-1235
In base 6, what is -3 - 11313?
-11320
In base 3, what is 120 + -111?
2
In base 6, what is -1000 + 102?
-454
In base 9, what is -2 + -44?
-46
In base 6, what is 10 - 551?
-541
In base 8, what is -4 + -10023?
-10027
In base 15, what is -1 + -36?
-37
In base 14, what is 19d4 - 5?
19cd
In base 8, what is -1 + 36?
35
In base 7, what is 144 - -62?
236
In base 13, what is 6 + 65?
6b
In base 16, what is bf4 + -5?
bef
In base 15, what is 2e + -c9?
-9a
In base 15, what is -5da - -4?
-5d6
In base 7, what is -135 + 4?
-131
In base 2, what is 1111101 - 100?
1111001
In base 11, what is -1 - -26a1?
26a0
In base 11, what is -35 - -38?
3
In base 9, what is 15 - -13?
28
In base 6, what is -33 + 10?
-23
In base 11, what is -323 + -19?
-341
In base 11, what is -69 + -2?
-70
In base 6, what is -2150 + 3?
-2143
In base 4, what is 10322 + -122?
10200
In base 11, what is -3 - 1040?
-1043
In base 7, what is -3 + 25621?
25615
In base 4, what is -10 - 1202?
-1212
In base 2, what is -10 - 10000111011?
-10000111101
In base 2, what is 100100 - 10?
100010
In base 7, what is 3 + 25?
31
In base 16, what is 15 - -1?
16
In base 7, what is -4 + 4216?
4212
In base 15, what is -70 - -9?
-66
In base 9, what is 8 + 2667?
2676
In base 3, what is 10 + 210?
220
In base 6, what is 4 - 1?
3
In base 11, what is 5 + 3a?
44
In base 7, what is 0 - -1?
1
In base 15, what is -c9 + -1?
-ca
In base 11, what is -1363 - 3?
-1366
In base 13, what is -22 + 8?
-17
In base 6, what is -1115 + 0?
-1115
In base 8, what is -2746 + -3?
-2751
In base 8, what is 4316 + 11?
4327
In base 14, what is -3 + -17?
-1a
In base 15, what is -53 + -4?
-57
In base 3, what is 2220021 - -12?
2220110
In base 11, what is 5a8 - 6?
5a2
In base 3, what is 21000111 - -12?
21000200
In base 5, what is -210 + 3?
-202
In base 11, what is 102 - -1?
103
In base 16, what is -1eb - 14?
-1ff
In base 9, what is 45 - -78?
134
In base 10, what is 1 - 15?
-14
In base 11, what is -2a6a - 1?
-2a70
In base 16, what is -1 + d6?
d5
In base 13, what is 38a - 3?
387
In base 6, what is -1 - 124?
-125
In base 15, what is a17 + -3?
a14
In base 5, what is -1211 - 22?
-1233
In base 2, what is -1011 + 111?
-100
In base 10, what is 22 - -8?
30
In base 9, what is -321 + 0?
-321
In base 2, what is -1011101 + -10?
-1011111
In base 7, what is -1 + -30?
-31
In base 10, what is 22 + 94?
116
In base 12, what is 3 + -73?
-70
In base 10, what is 137 - -2?
139
In base 8, what is 2 + 26?
30
In base 6, what is 443 + -55?
344
In base 15, what is de - -5?
e4
In base 3, what is -220 - 20?
-1010
In base 16, what is -3 + 356?
353
In base 10, what is 1745 + 4?
1749
In base 14, what is 0 + b7?
b7
In base 6, what is -1133 + 3?
-1130
In base 7, what is -1 - 6141?
-6142
In base 2, what is -111001010 + -101?
-111001111
In base 15, what is 478 - -1?
479
In base 2, what is 1 - 10000111?
-10000110
In base 11, what is -3 - 224?
-227
In base 12, what is 52 + 17?
69
In base 13, what is 66 - 3?
63
In base 8, what is -214 + -71?
-305
In base 11, what is -20 - 47?
-67
In base 13, what is 5a + 39?
96
In base 10, what is -230 - 4?
-234
In base 13, what is 16 - 2c4?
-2ab
In base 3, what is -202222 + -1?
-210000
In base 12, what is -457 - -17?
-440
In base 12, what is 0 - -397?
397
In base 7, what is 30 + 100?
130
In base 15, what is 72 - 18?
59
In base 16, what is -5 - 36?
-3b
In base 2, what is 111001101 - 10?
111001011
In base 12, what is b5a + 0?
b5a
In base 2, what is 1 - 110111?
-110110
In base 9, what is 15 + 132?
147
In base 7, what is 4 - -2411?
2415
In base 3, what is 22 - -1111012?
1111111
In base 15, what is 1 + 6b?
6c
In base 8, what is -1 + 3351?
3350
In base 12, what is 2 - 38?
-36
In base 13, what is -38 - 1?
-39
In base 2, what is 0 + 10110000?
10110000
In base 11, what is 49 + 172?
210
In base 5, what is -314 + -123?
-442
In base 13, what is -51 + 118?
97
In base 14, what is 4 + 1?
5
In base 13, what is -c9 + -1?
-ca
In base 13, what is -5 - -bb?
b6
In base 13, what is 5 - c5?
-c0
In base 16, what is 3e + 4?
42
In base 5, what is -4 - 1342?
-1401
In base 11, what is 101 - -2?
103
In base 15, what is 27 + -83?
-5b
In base 7, what is 14 - -2504?
2521
In base 15, what is -1 + -781?
-782
In base 6, what is 3320 + 5?
3325
In base 7, what is -1 + 52?
51
In base 12, what is 33 + -2?
31
In base 6, what is -1 - -210?
205
In base 6, what is -10 - -51?
41
In base 10, what is -1898 - -5?
-1893
In base 3, what is 22110 + 11?
22121
In base 2, what is -1000001100 + -10?
-1000001110
In base 14, what is 2 - 5c?
-5a
In base 15, what is 0 - -ba4?
ba4
In base 8, what is 5 + -3276?
-3271
In base 13, what is 0 - 1645?
-1645
In base 10, what is -28 - 75?
-103
In base 5, what is -2 - -1?
-1
In base 8, what is 7 - 2555?
-2546
In base 15, what is 201 - 15?
1db
In base 13, what is 4 - -4b?
52
In base 14, what is -8c + -3?
-91
In base 9, what is -687 + -4?
-702
In base 14, what is c8 - 1?
c7
In base 12, what is 2 + -14?
-12
In base 8, what is -1 + 1014?
1013
In base 4, what is 201 - -11?
212
In base 9, what is -12 - 7?
-20
In base 13, what is 3 - -9b?
a1
In base 4, what is -202 - 323?
-1131
In base 13, what is 2 - -3c?
41
In base 8, what is 140 - 4?
134
In base 4, what is 30 + 10?
100
In base 5, what is -1103 - 3?
-1111
In base 5, what is 1 - 3022?
-3021
In base 9, what is -7 + 71?
63
In base 3, what is -1212 + -21?
-2010
In base 9, what is 2 - 8?
-6
In base 12, what is 4 + 50?
54
In base 5, what is -40141 + 0?
-40141
In base 12, what is 0 + -b6?
-b6
In base 14, what is b - -12a?
137
In base 9, what is 255 - 5?
250
In base 13, what is 2c + 3?
32
In base 9, what is -2 + 40?
37
In base 12, what is -1544 + 0?
-1544
In base 11, what is 2679 - 2?
2677
In base 16, what is -d2 + -4?
-d6
In base 12, what is 92 - -2?
94
In base 12, what is 26 + 77a?
7a4
In base 6, what is -12 + 15023?
15011
In base 7, what is -4 + -265?
-302
In base 14, what is 23 + -4?
1d
In base 8, what is -4 + 64?
60
In base 11, what is 1649 + 5?
1653
In base 11, what is -3 - 60?
-63
In base 7, what is -10164 - 2?
-10166
In base 5, what is -3134 + 12?
-3122
In base 12, what is -49a + -7?
-4a5
In base 8, what is 4 + 21?
25
In base 12, what is -57a9 + 3?
-57a6
In base 13, what is 35 + -1?
34
In base 11, what is 19 - -67?
85
In base 9, what is 231 + 1?
232
In base 12, what is 4 + -34?
-30
In base 6, what is -50 + -205?
-255
In base 5, what is -1 - -211?
210
In base 16, what is 0 - -11?
11
In base 13, what is c + -108?
-c9
In base 6, what is -1 + 355?
354
In base 5, what is -14 + -402?
-421
In base 10, what is 89 + -38?
51
In base 7, what is 1 + -342?
-341
In base 16, what is 5 + -30?
-2b
In base 3, what is 1 + 2121?
2122
In base 3, what is 11010 + 2?
11012
In base 8, what is -37 + -51?
-110
In base 12, what is -1 + -26?
-27
In base 10, what is -1 + 20?
19
In base 13, what is 6b - 4?
67
In base 5, what is -20300 - -1?
-20244
In base 14, what is 7a + d?
89
In base 6, what is -24325 - -4?
-24321
In base 4, what is 2 + 1221?
1223
In base 2, what is 11110 + -11?
11011
In base 9, what is 34 + -4?
30
In base 4, what is -30221 + -1?
-30222
In base 4, what is -1130 - -10?
-1120
In base 13, what is -1 + -5b?
-5c
In base 13, what is 49 - -91?
10a
In base 2, what is 11111 + -100?
11011
In base 9, what is -1 + 16?
15
In base 9, what is -4841 + 3?
-4837
In base 13, what is -a - -1c?
12
In base 9, what is -343 - -140?
-203
In base 3, what is 12 + 1101020?
1101102
In base 2, what is 1011001 - -1011?
1100100
In base 3, what is -11102000 + 12?
-11101211
In base 10, what is -614 - -4?
-610
In base 13, what is 2 + -b7?
-b5
In base 15, what is -1 - -68?
67
In base 5, what is 140 + 3111?
3301
In base 5, what is